b and y?
49
Suppose -324 = -4*z - 3*s, -3*z + 2*s = -z - 176. Suppose -2*w = -2*b + 20, 83*b + 5*w = 81*b + 48. What is the highest common divisor of b and z?
14
Let k = 1219 + -1117. Calculate the highest common divisor of k and 153.
51
Let d(s) = 2*s**2 + 2*s. Let r(b) = -b - 6. Let h be r(-9). Let i be d(h). What is the greatest common factor of i and 6?
6
Suppose -3*s = -39 - 12. Suppose 0 = -w + s + 15. What is the highest common divisor of 352 and w?
32
Let a(o) = o**2 + 2*o - 2. Let b be a(1). Let c = 1 - b. Suppose c = -u - w - 3*w + 52, -2*u - 4*w + 96 = 0. Calculate the highest common factor of u and 4.
4
Suppose 14491 = 42*a - 16925. What is the highest common factor of 44 and a?
44
Let w = 5 - 11. Let b be 1 + (-2)/(w/21). Let t = 620 - 619. Calculate the greatest common factor of t and b.
1
Suppose 10*d + 945 = 17*d. Suppose 5*s - 4*b - 278 = 0, 3*b + 114 = 4*s - 2*s. What is the highest common factor of d and s?
27
Let i = 2355 - 2319. Let t = -7 - -16. What is the highest common factor of t and i?
9
Let a be (-408)/(-4) + 3 + (2 - -3). What is the highest common factor of a and 10?
10
Suppose -j + 40 = 7*j. Suppose -3*v + n + 16 - 1 = 0, 2*v - j = -n. Let x = 2 - -8. What is the highest common divisor of v and x?
2
Let s = -6 + 8. Let c(d) = -d**2 + s*d**2 + 10*d**3 + 7*d**3 - d. Let l be c(1). Calculate the greatest common factor of 17 and l.
17
Suppose -2*a - 2*k + 8 = 0, 4 = 2*a - 7*k + 5*k. Suppose -a*q + 2*q = -18. Let p = 9 - 0. What is the highest common divisor of p and q?
9
Let t(x) = -4*x - 2. Let i be t(-5). Let h = 54 - 69. Let v be (2 - 1)*(h + 24). What is the greatest common divisor of i and v?
9
Let a = -170 - -173. Suppose 0 = a*n + 5*t - 146, 9 - 5 = -2*t. What is the greatest common divisor of n and 91?
13
Let t = 1162 + -1052. What is the greatest common divisor of t and 605?
55
Let g be 210/(-4)*-36*(-1)/(-7). What is the greatest common factor of g and 30?
30
Let p(z) = 5*z - 8. Let w be p(7). Let y(s) = -s + 16. Let j be y(-2). Calculate the highest common factor of j and w.
9
Let z(b) = -4*b**3 + 60*b**2 - 3*b + 51. Let d be z(15). Calculate the greatest common divisor of 1266 and d.
6
Let v be ((-6)/9)/((-2)/3). Let s be v/7 + (-116)/28. Let i be (39 + -1)*(-2)/s. Calculate the highest common factor of i and 38.
19
Let z(r) = 4*r**2 - 17*r - 48. Let c be z(-3). Calculate the highest common factor of 208 and c.
13
Let v be (-32)/(-24) - (-172)/6. What is the highest common factor of 165 and v?
15
Suppose 0*d = 5*d - 10. Suppose 0 = 16*u - 1943 + 103. Suppose 5*a + 4*j - j = u, -j = d*a - 45. Calculate the greatest common factor of a and 40.
20
Suppose -12*p + 67 = -77. What is the greatest common divisor of p and 66?
6
Let u(a) be the first derivative of 8 - 2*a**2 + 29*a - 16*a - 29*a. Let x be u(-7). What is the greatest common divisor of 84 and x?
12
Let w(v) = 11*v - 66. Let h be w(24). Suppose 0 = 2*o + o. Suppose o = -4*f + 5*l - l + 52, 0 = 4*f + 5*l - 97. What is the highest common divisor of f and h?
18
Let c be 162/(-1 + -3 - -5). Calculate the highest common factor of 1863 and c.
81
Let q(h) = 3*h + 43. Let u be q(-3). What is the greatest common divisor of u and 17?
17
Suppose 4*j - 4*t = 280, -5*j - 11*t + 352 = -15*t. Calculate the greatest common factor of 168 and j.
24
Suppose i = -0*i + 9. Let n be (-946)/10 - 6/(-10). Let v = -49 - n. Calculate the greatest common divisor of v and i.
9
Let k(i) = i**3 + 6*i**2 - 5*i + 3. Let b be k(-6). Let n be ((-2211)/268)/((-1)/44). Calculate the greatest common factor of b and n.
33
Let i(m) = -m**3 + 9*m**2 + 9*m + 63. Let y be i(9). Calculate the highest common divisor of y and 18.
18
Suppose 0 = -5*g + q + 450, -4*g - 17*q = -18*q - 360. Let o = 201 + -141. Calculate the highest common divisor of g and o.
30
Let p(s) = s**2 - 7*s + 9. Let z be p(6). Let r be z*3/9 + 0. Suppose -2*c = r - 41. What is the highest common factor of c and 5?
5
Suppose -265 = -31*x + 14. Let y be (10/2)/((-2)/(-4)). Suppose -y*i = -x*i - 20. What is the highest common divisor of i and 4?
4
Suppose 33*l - 27*l = 432. Suppose 0 = -3*t + j + 147, -t = j + 2*j - 39. What is the greatest common divisor of l and t?
24
Let w be (-2)/2*(-3)/3*1. Suppose -3*b + 3*n - 15 = -6*b, 5*b - 5*n = 55. Calculate the greatest common divisor of b and w.
1
Let y(g) = -g**3 - 9*g**2 - 18*g + 12. Let s be y(-5). What is the highest common factor of 10 and s?
2
Let n be (7 - 2)*(-435)/(-75). Suppose 2*g + 3*t = 67, -3*t + 9 = g - 29. What is the greatest common factor of g and n?
29
Let y = 29 - 20. Suppose -4*l + 374 = 4*a - 186, 0 = -4*a + 8. Let h = l - 93. What is the highest common divisor of h and y?
9
Suppose -2*h + 6*h = 504. Suppose 0 = 3*i - 0*i + h. Let x be 182/12 - (-7)/i. What is the greatest common divisor of 45 and x?
15
Let i(u) = -u**2 + 9*u - 14. Let j be i(6). Suppose -4*a - 2*o = -84, 0 = 5*a - j*o + 9*o - 110. Calculate the greatest common factor of 180 and a.
20
Let u(i) = -4*i**2 + 3*i + 4. Let z be u(-4). Let a = 85 + z. Calculate the highest common divisor of a and 117.
13
Suppose 0 = 10*a - 111 + 41. Suppose -91 = -a*b + 6*b. What is the greatest common factor of b and 7?
7
Let y(d) = -7*d - 40 + d + 33. Let a be y(-5). What is the highest common divisor of 23 and a?
23
Suppose -5*u = -4*j - 0*j + 160, 3*u + 5*j + 59 = 0. Let h be -2 - u - (-1)/1. Let i be 57/6 + (-1)/2. What is the greatest common divisor of h and i?
9
Let c be 29 - 4/(-2) - -1. Let m be (4 - c/(-12))*-3. Let u = 35 + m. What is the greatest common factor of 120 and u?
15
Suppose -2*f + 4*f - 6 = 0. Suppose -f*j = 2*j - 25. Calculate the highest common factor of 10 and j.
5
Let a be (4 - 9 - -12) + (-12)/(-12). What is the highest common factor of 2232 and a?
8
Let d = -1282 - -1308. Calculate the greatest common divisor of d and 5.
1
Suppose 0 = 11*t - 10*t - 11. Suppose -4*a + t = -5*v - 2*a, -3*v + 12 = 5*a. Let g = v - -10. What is the greatest common factor of g and 81?
9
Let t be (-2 - -2)/((-40)/(-20)). Suppose -4*z - 2*h + 19 = 5, -5*z - 4*h = -16. Let s = z - t. Calculate the highest common divisor of 28 and s.
4
Suppose -10*i + 80 = -5*i. What is the greatest common divisor of i and 8?
8
Let s be (3 + -3*50/45)*-48. Let j = -2 - -1. Let u be 2/2*(15 - j). Calculate the highest common divisor of u and s.
16
Let d(c) = 3*c + 3. Let z be d(12). What is the greatest common factor of 377 and z?
13
Suppose -37*x + 9 = -34*x. What is the greatest common divisor of 1 and x?
1
Suppose -3*i = -2*i + 1, 0 = 4*x + 2*i - 38. Let q be (48/(-20))/((-2)/x). What is the highest common factor of q and 4?
4
Suppose -2*a - 84 = -2*y, -a - 222 = -5*y - 0*a. Let d = 8 - 3. Suppose l - 2*l = -d. What is the greatest common divisor of y and l?
5
Let o(q) = -2*q - 59. Let s be o(-30). What is the highest common divisor of s and 7?
1
Let n be 172 + (544/17)/8. Let r be 4/14 - 306/(-7). Calculate the highest common divisor of r and n.
44
Suppose -f - 20 = -3*l, 5*f = 4*l - 10 - 24. What is the highest common divisor of 218 and l?
2
Let b(v) = -11*v**3 + 3*v - 2*v**2 - 2*v**2 + 11*v**3 - 2*v**3 + 8. Let g be b(-3). What is the greatest common factor of g and 102?
17
Suppose 5*l = -0*l + 15. Suppose -3*q = -2*w + 193, w - 114 - 5 = -l*q. Suppose 0 = -16*i + 60 + 148. Calculate the greatest common divisor of w and i.
13
Suppose 5*f = 2*f. Suppose z + 5*j - 17 = 0, f = -0*z - 3*z + 2*j + 17. Let l be ((-24)/10)/(z/(-210)). What is the greatest common factor of 18 and l?
18
Suppose 5*t + 2*q - 106 = 0, 0 = 5*t + q + 34 - 142. Let z be 4/t + 448/77. What is the greatest common divisor of 96 and z?
6
Let t = -125 - -290. Suppose -10*x + 600 = 30*x. What is the highest common factor of x and t?
15
Let l = -22 + 58. Let r(s) = -1. Let t(d) = 4*d - 32. Let u(b) = 96*r(b) - 3*t(b). Let m be u(-2). What is the greatest common factor of l and m?
12
Let l = 725 - 283. What is the highest common divisor of 34 and l?
34
Let q(y) = -15*y + 38. Let s be q(-1). What is the greatest common divisor of s and 636?
53
Let s(t) = 91*t - 1. Suppose -4*g = 2*l - 10, -2*g + 5*l - 13 = -0*g. Let w be s(g). Suppose -23 = -5*p + 27. What is the highest common factor of w and p?
10
Let n(u) be the second derivative of u**5/20 + 3*u**4/4 + 4*